ase 13?
-231126
531312 (base 6) to base 13
16805
What is 106e7 (base 15) in base 5?
3132232
Convert 1446223 (base 7) to base 12.
9597a
Convert -11001301110 (base 4) to base 14.
-26444c
What is 1413490 (base 10) in base 16?
159172
Convert -218b3 (base 12) to base 7.
-243462
-14104143 (base 6) to base 7
-4016415
What is -102020020122 (base 3) in base 10?
-221066
3213211223 (base 5) to base 2
11001110101011111010000
What is -1110000011010000 (base 2) in base 6?
-1122240
Convert -2433226 (base 11) to base 10.
-4235512
What is 122002220220 (base 3) in base 16?
52365
Convert -102320300 (base 4) to base 5.
-4433420
100102002222102 (base 3) to base 8
23050665
What is -7245 (base 15) in base 7?
-130244
1101110001111111110000 (base 2) to base 10
3612656
What is -8008c (base 15) in base 11?
-257422
Convert -101111000110000101 (base 2) to base 15.
-3c251
What is 5dd030 (base 14) in base 9?
6053741
1dbcb8 (base 14) to base 10
1069930
-1535b21 (base 13) to base 7
-111434044
Convert -7a1e (base 16) to base 9.
-46785
Convert 177080 (base 10) to base 2.
101011001110111000
What is -23132333033 (base 4) in base 15?
-3e700b
3304351 (base 6) to base 2
101000000111001011
What is d1be7 (base 16) in base 6?
30225211
Convert -11111001100110011010 (base 2) to base 8.
-3714632
What is -78ac5 (base 15) in base 2?
-1011101101101000010
What is 2233442444 (base 5) in base 3?
100101012221012
What is -247aa (base 13) in base 15?
-14dc3
What is -11222021 (base 5) in base 7?
-601644
What is b0bb (base 14) in base 9?
45561
36d09 (base 16) to base 15
467d1
Convert 132133 (base 8) to base 14.
12b7d
232043444 (base 7) to base 6
1225203302
-a7e91 (base 15) to base 13
-1588a5
Convert 1ad68 (base 15) to base 16.
15566
What is 100747 (base 9) in base 13?
21202
-111233201313 (base 4) to base 3
-101201120112010
What is -a658 (base 11) in base 2?
-11011100010011
Convert 178007 (base 10) to base 11.
111815
What is 46042 (base 16) in base 4?
1012001002
30411222 (base 5) to base 9
416677
What is 368796 (base 11) in base 4?
2032033013
Convert -101010001000010101 (base 2) to base 13.
-60713
What is -24032 (base 12) in base 16?
-bd26
Convert -894911 (base 10) to base 6.
-31103035
33255352 (base 6) to base 14
1c176c
Convert -11442141 (base 5) to base 8.
-324766
Convert -14600562 (base 7) to base 11.
-873318
What is -b1e6a (base 15) in base 11?
-355403
-23b6b17 (base 13) to base 4
-222111022121
Convert 5ddca (base 14) to base 2.
111000010001001110
Convert 16a02 (base 15) to base 3.
10201022102
Convert -21212121 (base 4) to base 10.
-39321
What is -253024 (base 9) in base 3?
-21210000211
Convert -115117 (base 16) to base 9.
-2118667
1125535 (base 7) to base 12
698a4
Convert 3360344 (base 7) to base 4.
1212002201
What is -21550022 (base 6) in base 2?
-10011111001001111110
What is 112222000021 (base 3) in base 13?
a4098
What is 912170 (base 10) in base 9?
1640232
What is -6742085 (base 9) in base 3?
-20211102002212
Convert aa0b1 (base 12) to base 14.
5bcb3
335a37 (base 14) to base 7
20553600
What is -112213012 (base 4) in base 15?
-1c694
Convert -101001100001000111 (base 2) to base 5.
-20420210
Convert -12002100033 (base 4) to base 16.
-18240f
What is 285082 (base 12) in base 9?
1234178
Convert 632099 (base 13) to base 11.
1343578
196413 (base 10) to base 11
124628
What is -951853 (base 10) in base 12?
-39aa11
What is -10110111000001001000010 (base 2) in base 15?
-7d6dd2
11010001011011011000 (base 2) to base 9
1546628
1101100110001000 (base 2) to base 11
38926
-242332113 (base 5) to base 13
-30a408
Convert 835354 (base 9) to base 16.
7918c
Convert 10010000111100011 (base 2) to base 8.
220743
What is 20021220221 (base 3) in base 5?
12430444
10112321033 (base 4) to base 7
12465320
What is -375067 (base 10) in base 3?
-201001111101
Convert 1c5852 (base 15) to base 16.
15249b
Convert 25421031 (base 6) to base 2.
11001001111011001011
34075 (base 9) to base 11
16037
ba03a (base 12) to base 16
3beae
What is 10020132002 (base 4) in base 3?
2001000221222
What is -53565014 (base 8) in base 14?
-1745788
Convert -11200114 (base 6) to base 13.
-bc9a4
Convert 13233313203 (base 4) to base 14.
3ac28b
What is 7997 (base 14) in base 10?
21105
Convert 3851283 (base 9) to base 8.
10006406
ab768 (base 16) to base 10
702312
What is -21b24 (base 15) in base 16?
-1a27e
10200020011210 (base 3) to base 7
22413141
What is -38a5 (base 15) in base 5?
-341310
-14630004 (base 7) to base 4
-11112111030
What is 3849a8 (base 12) in base 10?
920720
What is -19939b (base 13) in base 2?
-10011110011000101110
Convert -33ed28 (base 16) to base 9.
-6356084
-20203133112 (base 4) to base 15
-2e46b3
b38b6 (base 16) to base 6
23432410
Convert -adac1 (base 15) to base 5.
-120140211
13211414 (base 7) to base 5
302304210
What is -1244a (base 12) in base 10?
-24826
-5764625 (base 8) to base 14
-2cb177
Convert -1144010320 (base 5) to base 8.
-12277344
4136b (base 12) to base 13
2ca0b
175617 (base 13) to base 2
10001110011001000111
Convert 4b804 (base 13) to base 12.
68a73
What is -810588 (base 10) in base 7?
-6614142
-376266 (base 9) to base 6
-4514010
1636737 (base 8) to base 10
474591
What is 24521354 (base 6) in base 10?
788326
Convert 3b393 (base 15) to base 4.
232111311
What is -2628390 (base 10) in base 3?
-11221112110210
Convert 118bdad (base 14) to base 16.
804a15
8cd8 (base 16) to base 2
1000110011011000
Convert 141304 (base 6) to base 7.
53512
What is -111000101111110100011 (base 2) in base 16?
-1c5fa3
Convert -2012200 (base 4) to base 10.
-8608
Convert -400221 (base 9) to base 5.
-30031002
What is -100210222201011 (base 3) in base 15?
-6d063d
What is 1011111100101100010 (base 2) in base 15?
7b017
152443 (base 12) to base 13
c6405
What is 246856 (base 9) in base 13?
53016
What is -3324335 (base 6) in base 5?
-20320013
Convert 588773 (base 11) to base 10.
933958
1001110001000101010110 (base 2) to base 13
6b84c5
Convert -40213313 (base 5) to base 4.
-1032011121
What is 2272865 (base 11) in base 8?
17114524
Convert 423012402 (base 5) to base 15.
24d687
Convert -6542171 (base 8) to base 9.
-3263317
What is -1714650 (base 9) in base 3?
-1210111201200
-11455b (base 13) to base 4
-1203333123
-205646 (base 10) to base 8
-621516
Convert 1011111010101101101000 (base 2) to base 4.
23322231220
Convert -23200004 (base 5) to base 8.
-630743
What is 526626 (base 8) in base 16?
2ad96
-a2167 (base 11) to base 13
-52c30
What is -26780644 (base 9) in base 13?
-297b956
-46512 (base 13) to base 14
-34a74
What is -aec2 (base 16) in base 3?
-2021100222
What is 4a65a3 (base 13) in base 3?
10100200110222
3013235 (base 6) to base 4
202222313
What is -400330434 (base 5) in base 14?
-2cd7d3
10110101110100110101110 (base 2) to base 14
b1143c
Convert 2200020102101 (base 3) to base 4.
11123020201
-3b053a (base 13) to base 11
-896650
Convert 1846364 (base 9) to base 3.
1221120102011
Convert -555556 (base 7) to base 6.
-2033521
Convert 9b77b (base 12) to base 5.
23103420
What is 63500760 (base 8) in base 16?
ce81f0
101001100001111111 (base 2) to base 11
106897
Convert 363c39 (base 14) to base 4.
13010302023
Convert -1ddc4 (base 14) to base 12.
-38548
1000223001 (base 5) to base 16
1dec29
-2120122121010 (base 3) to base 7
-14436645
Convert 185b71 (base 13) to base 5.
124101332
What is 1000000100100110110011 (base 2) in base 4?
20010212303
What is -22100002 (base 6) in base 2?
-10100001010111100010
What is 1406451 (base 7) in base 5?
21442132
Convert -2134134 (base 5) to base 15.
-ad7e
153152044 (base 6) to base 16
3158bc
2232100330 (base 4) to base 2
10101110010000111100
What is 234281 (base 9) in base 15?
2bb57
What is -1212021324 (base 5) in base 12?
-b52652
Convert -4134344 (base 6) to base 4.
-300221320
Convert 3011434 (base 7) to base 8.
1267110
What is 24089c (base 14) in base 3?
2022112122021
Convert 13313023332 (base 4) to base 16.
1f72fe
13131232221 (base 4) to base 9
3612166
-2632520 (base 7) to base 12
-1472a8
-25402 (base 11) to base 16
-8e47
Convert 96878 (base 16) to base 6.
21114252
What is -20313642 (base 7) in base 9?
-3172620
-33eb6 (base 15) to base 14
-44369
Convert 3120215 (base 7) to base 6.
12010322
-140103 (base 5) to base 4
-1120111
What is 3341010422 (base 5) in base 9?
14757152
Convert -1221b6 (base 16) to base 7.
-13046240
-10210204 (base